er when z is divided by 7.
6
Let b(h) = -h**3 - 15*h**2 - 16*h - 15. Let j = 39 + -61. Let p = -36 - j. Calculate the remainder when 49 is divided by b(p).
10
Let m(x) = -17*x + 170. Calculate the remainder when 200 is divided by m(9).
13
Suppose 0 = -4*z + 3*r + 132 - 13, 4*r - 76 = -2*z. What is the remainder when 159 is divided by z?
31
Let p(s) = 5 + s + 18*s**2 - 3*s + 15*s**2 - 31*s**2. Let b be p(2). Let j = b + 6. Calculate the remainder when 29 is divided by j.
14
Let w = 202564 - 202374. Suppose -o - 264 = -5*o. Suppose 4*l = 62 + o. What is the remainder when w is divided by l?
30
Let v = 393 - 308. What is the remainder when 105 is divided by v?
20
Suppose 39*k = 43*k + 2*a - 4988, 3*k + 9*a - 3696 = 0. Calculate the remainder when k is divided by 74.
66
Let w(c) be the third derivative of -c**4/12 + 37*c**3/3 + 20*c**2 - 3. Calculate the remainder when w(-18) is divided by 7.
5
Let d(a) = -3*a - 8. Let h be d(15). Let t = h + 80. Let c(b) = 3*b**2 + 8*b - 7. What is the remainder when t is divided by c(-4)?
0
Suppose 337*l - 3202 - 15208 = 74*l. What is the remainder when 1468 is divided by l?
68
Let f be -5 + 301/63 - (-4259)/9. Let z = f - 468. What is the remainder when 63 is divided by z?
3
Suppose -7*n + 128 = n. Suppose -48 = -4*w - n. Suppose -250 = 6*i - w*i. Calculate the remainder when i is divided by 14.
13
Suppose 0 = 24*n - 5 - 67. Suppose -4*g + n*g = -7. What is the remainder when 12/(-3)*5*1/(-2) is divided by g?
3
Suppose -5*s + 1795 - 110 = 4*a, 3*a - 2*s = 1281. Let m = a - 377. Calculate the remainder when 285 is divided by m.
45
Suppose 2*k = 4*k + 12*k - 2926. Calculate the remainder when 1658 is divided by k.
195
Let c be ((-189)/(-28) + -5)/(3/(-60)). Calculate the remainder when 6*6/(-9) - (c - -5) is divided by -1 - -4*3 - 1.
6
Suppose -527 = -4*s + 5*m - 140, 2*s - 198 = 4*m. Calculate the remainder when 5298 is divided by s.
90
Let v(m) = 43*m**2 - 4*m + 3. What is the remainder when v(2) is divided by -2 + 0 + 95 - ((-52)/(-14) + (-288)/(-224))?
79
Suppose -3*r = -3*u - 34 - 26, 0 = 4*r - 2*u - 70. Suppose 5*n = 5*f - 10 - r, -49 = -5*f - n. What is the remainder when (-282)/(-4) - 2/4 is divided by f?
7
Suppose -4*m + 2*o = -2580, 0 = 12*m - 13*m + 2*o + 645. What is the remainder when m is divided by 194?
63
Suppose 1565*m - 1614*m = -7154. Calculate the remainder when m is divided by 123.
23
Suppose 83 = -16*o - 45. Let f be (1 - -57) + 12/(o + 2). Let n = f + -26. Calculate the remainder when n is divided by 21.
9
Suppose 0 = -2*c + 4*z + 151 + 41, 2*c = -5*z + 156. What is the remainder when c is divided by 14?
4
Let j = 8059 + -8030. Calculate the remainder when 5099 is divided by j.
24
Suppose 3746 + 5486 = 16*a. Calculate the remainder when a is divided by 20.
17
Let k(f) = -13*f**3 - 2*f**2 - 4*f - 3. Let w be k(-1). Suppose 2*c - 172 = -2*c. What is the remainder when c is divided by ((-45)/w)/((-1)/4)?
13
Let i(h) = -40*h - 1096. Calculate the remainder when i(-33) is divided by 33.
26
Let p = -3673 + 3731. What is the remainder when 5334 is divided by p?
56
Suppose 2*v + 5*s = 0, -25 + 6 = -3*v + 2*s. Suppose 5*d = 3*c + 246, 2*c + 48 = d + c. Suppose 359 = v*r - d. Calculate the remainder when r is divided by 17.
14
Let q(k) = 412*k + 205 - 52 - 423*k. What is the remainder when 34 is divided by q(12)?
13
Suppose -2*r = -0*r - 5*a - 52, -2*r = -3*a - 48. Let b = 8154 + -7988. What is the remainder when b is divided by r?
19
Suppose 221 = q + 13*n - 8*n, 4*q = 4*n + 884. Calculate the remainder when 460 is divided by q.
18
Let z(y) = 6*y**3 - 9*y + 20. Let c(q) = 5*q**3 - q**2 - 8*q + 19. Let h(t) = -5*c(t) + 4*z(t). Calculate the remainder when 22/4 + (-2)/4 is divided by h(5).
0
Let w(x) = -2*x**3 - 32*x**2 + 5. Let m be w(-16). Suppose m*g - c = 907, 9 = -12*c + 15*c. Let u = -64 - -110. What is the remainder when g is divided by u?
44
Let t(j) = 4*j - 3. Let r = 627 + -621. What is the remainder when t(4) is divided by r?
1
Suppose -2*f - 30*y + 325 = -29*y, -3*f - 5*y + 484 = 0. Suppose -1632 = -f*o + 147*o. What is the remainder when o is divided by 31?
9
Calculate the remainder when 342 is divided by (34/(-68))/(4/(-776)).
51
Let l(v) = v - 3. Let t(m) = 4*m + 77. Let d(p) = 6*l(p) + t(p). What is the remainder when d(0) is divided by 4?
3
Suppose -3*c + 4*p + 4 = 1, -4*p + 17 = c. Calculate the remainder when 3/(-15) - (-126)/c is divided by (-2)/14 + 11/(77/64).
7
Let x(t) = t - 54. Let i be x(6). Let q = i + 53. Let a(w) = -3*w. Calculate the remainder when a(-2) is divided by q.
1
Calculate the remainder when 2731 is divided by (-28)/266 - (1 + (-1431)/57).
19
Let c = -237 - -283. Let r = 26 + -24. Calculate the remainder when c is divided by r/(1*2/8).
6
Let a(v) = -35*v + 14. Suppose 0 = 5*d + 42 - 7. Let y(t) = -12*t + 5. Let f(i) = d*y(i) + 2*a(i). Calculate the remainder when f(3) is divided by 6.
5
Suppose 5*l - 6520 = 5*u, -2*l + 2611 = 21*u - 24*u. Calculate the remainder when l is divided by 146.
133
Let s(l) = 2*l**2 + 4*l + 10. Let h be s(-2). What is the remainder when 15/h*712/12 is divided by 40?
9
Suppose -2*l - 2*h = -4*h - 140, 3 = 3*h. What is the remainder when 1277 is divided by l?
70
Let d(z) = z**2 + 10*z - 7. Let t be (12/(-30))/(1/30). Suppose 6*x = 10*x - 200. Calculate the remainder when x is divided by d(t).
16
Let z(t) = -3*t**3 + 58*t**2 + 41*t + 24. Calculate the remainder when 85 is divided by z(20).
41
Let l(c) = 9*c**3 + c**2 - 2*c + 1. Let i be l(1). Suppose i*y + 12 = 10*y. What is the remainder when 40 is divided by y?
4
Suppose -q + 1361 + 5184 = 4*d, 0 = -2*q - 6. What is the remainder when d is divided by 39?
38
Let u(p) = 222*p - 17 - 53 + 48 - 32. What is the remainder when u(4) is divided by 44?
42
Let q(v) = v**3 + 23*v**2 + 25*v + 63. Let n be q(-22). Calculate the remainder when 303 is divided by 15/10*(-154)/n.
72
Let m(z) = 13*z + 47 - 9 + 2*z**2 - 23. Suppose 0 = -3*q - 4*f + 106, -q + 17 = -0*q + 5*f. Calculate the remainder when q is divided by m(-7).
20
Suppose t + t - 792 = -9*t. Calculate the remainder when 571 is divided by t.
67
Suppose 5*v + 849 = -46. Let d = v - -188. Calculate the remainder when ((-25)/(-10))/(2/12) is divided by d.
6
Let s = 415 + -487. Let n = 129 + s. Calculate the remainder when n is divided by 8.
1
Let f = -12599 + 12920. What is the remainder when 775 is divided by f?
133
Let b(v) = -2*v - v + 0*v + 5*v + 3. What is the remainder when ((-3)/9*6)/(2/(-62)) is divided by b(3)?
8
Suppose 45152 = 77*p - 22454. What is the remainder when p is divided by 88?
86
Suppose 8*h - 20*h + 288 = 0. Suppose 100 = 4*s + 2*o, o + 1 = s - h. Calculate the remainder when 99 is divided by s.
24
Suppose -l - 5 = 2*q, -2*q + 2*l + 2 = -4*q. What is the remainder when (q*8 + 3)*(-4)/4 is divided by 13?
3
Suppose -4*p = 5*r - 10, p = -4*r + 5*r - 2. Suppose p = -c - 0*c + 68. Suppose -3*o - 1 + 70 = 0. What is the remainder when c is divided by o?
22
Let k(h) = h**3 - 14*h**2 - 29*h - 4. Let q = -11 - -3. Calculate the remainder when k(16) is divided by (-1 - 1)/4 - 188/q.
21
Suppose -28*i + 6883 - 4917 = -6546. What is the remainder when i is divided by 82?
58
Let r(d) = -d**2 + 20*d - 9. Let b = 91 + -83. What is the remainder when r(b) is divided by 20?
7
Let w = 170 - 158. Suppose 0 = -w*q + 17*q - 160. Calculate the remainder when 124 is divided by q.
28
Let u = 147 + -134. Suppose -3*x + 173 = -5*n, -3*x + 301 = 2*x - 2*n. Calculate the remainder when x is divided by u.
9
Suppose -n - 2*n + 28 = 2*z, n + 3*z = 14. Suppose n*a - 119 = -39. Let y(p) = -p**3 + 10*p**2 + 2*p + 6. Calculate the remainder when 92 is divided by y(a).
14
Let r(c) = c**2 - 7*c - 35. Let i be ((-48)/3 - 1)/(-1) - 5. Calculate the remainder when 62 is divided by r(i).
12
Let d = -363 - -145. Suppose y = 6*y - 1570. Let l = y + d. What is the remainder when l is divided by 25?
21
Let m = 114 - 112. Suppose -3*h - m*h = -325. Let s(c) = -c**3 - 9*c**2 - 10*c - 5. Calculate the remainder when h is divided by s(-8).
10
Let o be (-35 - (-11 - -6))*68/(-6). Suppose 256 = 344*q - o*q. Suppose 0 = -4*j - 34 + 166. Calculate the remainder when q is divided by j.
31
Let z = -83 - -120. Suppose -s - 4*s = -5, -5*t - 2*s = -z. Suppose 18 = n + 2*u, 5*